{"id":13073,"date":"2018-09-06T13:53:19","date_gmt":"2018-09-06T19:53:19","guid":{"rendered":"http:\/\/avantion.com.mx\/avantion\/?page_id=13073"},"modified":"2021-05-21T12:19:20","modified_gmt":"2021-05-21T19:19:20","slug":"md-rrss","status":"publish","type":"page","link":"https:\/\/avantion.com.mx\/avantion\/md-rrss\/","title":{"rendered":"Programa en Marketing Digital Start &#8211; RRSS"},"content":{"rendered":"<p>[vc_row css_animation=&#8221;&#8221; row_type=&#8221;row&#8221; use_row_as_full_screen_section=&#8221;no&#8221; type=&#8221;full_width&#8221; oblique_section=&#8221;no&#8221; text_align=&#8221;left&#8221; background_color=&#8221;#ffffff&#8221; padding_top=&#8221;50&#8243; padding_bottom=&#8221;50&#8243;][vc_column][vc_row_inner row_type=&#8221;row&#8221; type=&#8221;grid&#8221; use_row_as_full_screen_section_slide=&#8221;no&#8221; text_align=&#8221;center&#8221; padding_top=&#8221;10&#8243; padding_bottom=&#8221;50&#8243; css_animation=&#8221;&#8221; el_id=&#8221;intro&#8221;][vc_column_inner width=&#8221;1\/12&#8243;][\/vc_column_inner][vc_column_inner width=&#8221;5\/6&#8243;][vc_column_text]<\/p>\n<h1 style=\"text-align: center;\"><span style=\"color: #ff0000; font-size: 40pt;\"><span style=\"font-size: 30pt;\">Curso en<\/span>\u00a0Marketing Digital<\/span><\/h1>\n<h1 style=\"text-align: center;\">\u00a0<\/h1>\n<h1 style=\"text-align: center;\"><span style=\"color: #0d283f; font-size: 30pt;\">Los conocimientos y herramientas que requieres para iniciar.<\/span><\/h1>\n<p>[\/vc_column_text][vc_separator type=&#8221;transparent&#8221; up=&#8221;20&#8243;][vc_column_text]<\/p>\n<p style=\"text-align: center;\"><strong><span style=\"font-size: 24pt;\">El m\u00e1s completo y rentable programa de capacitaci\u00f3n en marketing digital.<\/span><\/strong><\/p>\n<p style=\"text-align: center;\"><span style=\"font-size: 24pt;\"><strong>Mucho m\u00e1s all\u00e1 de las redes sociales<\/strong>, te damos la visi\u00f3n m\u00e1s completa de las \u00e1reas que componen el <strong>marketing digital.<\/strong><\/span><\/p>\n<p style=\"text-align: center;\"><span style=\"color: #ff0000; font-size: 24pt;\"><strong>\u00a1Esto es el futuro!<\/strong><\/span><\/p>\n<p style=\"text-align: center;\"><span style=\"font-size: 24pt;\"><strong>Obtendr\u00e1s los conocimientos<\/strong> para comprender las \u00e1reas y aplicar las herramientas del marketing digital <strong>en la planificaci\u00f3n, ejecuci\u00f3n y supervisi\u00f3n de estrategias exitosas.<\/strong><\/span><\/p>\n<p>[\/vc_column_text][vc_separator type=&#8221;transparent&#8221; up=&#8221;10&#8243;][vc_column_text][\/vc_column_text][vc_separator type=&#8221;transparent&#8221; up=&#8221;10&#8243;][\/vc_column_inner][vc_column_inner width=&#8221;1\/12&#8243;][\/vc_column_inner][\/vc_row_inner][\/vc_column][\/vc_row][vc_row css_animation=&#8221;&#8221; row_type=&#8221;row&#8221; use_row_as_full_screen_section=&#8221;no&#8221; type=&#8221;full_width&#8221; oblique_section=&#8221;yes&#8221; oblique_section_top_and_bottom=&#8221;top&#8221; oblique_section_position=&#8221;from_right_to_left&#8221; text_align=&#8221;left&#8221; background_color=&#8221;#ffdc00&#8243; padding_bottom=&#8221;100&#8243;][vc_column][vc_row_inner row_type=&#8221;row&#8221; type=&#8221;grid&#8221; use_row_as_full_screen_section_slide=&#8221;no&#8221; text_align=&#8221;center&#8221; padding_top=&#8221;50&#8243; padding_bottom=&#8221;50&#8243; css_animation=&#8221;&#8221;][vc_column_inner width=&#8221;1\/12&#8243;][\/vc_column_inner][vc_column_inner width=&#8221;5\/6&#8243;][vc_separator type=&#8221;transparent&#8221; up=&#8221;10&#8243;][vc_column_text]<\/p>\n<h3 style=\"text-align: left;\"><span style=\"color: #ffffff;\"><strong>Descarga ahora:<\/strong><\/span><\/h3>\n<p>&nbsp;<\/p>\n<h3 style=\"text-align: left;\"><span style=\"color: #ffffff;\"><strong><span style=\"color: #ff0000;\">\u2666<\/span> Temario completo<\/strong><\/span><\/h3>\n<h3 style=\"text-align: left;\"><span style=\"color: #ffffff;\"><strong><span style=\"color: #339966;\"><span style=\"color: #ff0000;\">\u2666<\/span>\u00a0<\/span><\/strong><\/span><span style=\"color: #ffffff;\"><strong>Fechas<\/strong><\/span><\/h3>\n<h3 style=\"text-align: left;\"><span style=\"color: #ff0000;\"><strong>\u2666<\/strong><\/span><span style=\"color: #ffffff;\"> <strong>Especialistas<\/strong><\/span><\/h3>\n<h3 style=\"text-align: left;\"><span style=\"color: #ffffff;\"><strong><span style=\"color: #339966;\"><span style=\"color: #ff0000;\">\u2666<\/span>\u00a0<\/span><\/strong><\/span><span style=\"color: #ffffff;\"><strong>Precios y planes de pago<\/strong><\/span><\/h3>\n<p>[\/vc_column_text][vc_separator type=&#8221;transparent&#8221; up=&#8221;10&#8243;]<div role=\"form\" class=\"wpcf7\" id=\"wpcf7-f14218-o1\" lang=\"es-ES\" dir=\"ltr\">\n<div class=\"screen-reader-response\"><p role=\"status\" aria-live=\"polite\" aria-atomic=\"true\"><\/p> <ul><\/ul><\/div>\n<form action=\"\/avantion\/wp-json\/wp\/v2\/pages\/13073#wpcf7-f14218-o1\" method=\"post\" class=\"wpcf7-form init cf7_custom_style_3\" novalidate=\"novalidate\" data-status=\"init\">\n<div style=\"display: none;\">\n<input type=\"hidden\" name=\"_wpcf7\" value=\"14218\" \/>\n<input type=\"hidden\" name=\"_wpcf7_version\" value=\"5.4.1\" \/>\n<input type=\"hidden\" name=\"_wpcf7_locale\" value=\"es_ES\" \/>\n<input type=\"hidden\" name=\"_wpcf7_unit_tag\" value=\"wpcf7-f14218-o1\" \/>\n<input type=\"hidden\" name=\"_wpcf7_container_post\" value=\"0\" \/>\n<input type=\"hidden\" name=\"_wpcf7_posted_data_hash\" value=\"\" \/>\n<\/div>\n<p><label> <span class=\"wpcf7-form-control-wrap your-name\"><input type=\"text\" name=\"your-name\" value=\"\" size=\"40\" maxlength=\"25\" minlength=\"4\" class=\"wpcf7-form-control wpcf7-text wpcf7-validates-as-required\" aria-required=\"true\" aria-invalid=\"false\" placeholder=\"Nombre\" \/><\/span> <\/label><\/p>\n<p><label> <span class=\"wpcf7-form-control-wrap lastname\"><input type=\"text\" name=\"lastname\" value=\"\" size=\"40\" maxlength=\"140\" minlength=\"4\" class=\"wpcf7-form-control wpcf7-text\" aria-invalid=\"false\" placeholder=\"Apellidos\" \/><\/span> <\/label><\/p>\n<p><label> <span class=\"wpcf7-form-control-wrap your-email\"><input type=\"email\" name=\"your-email\" value=\"\" size=\"40\" class=\"wpcf7-form-control wpcf7-text wpcf7-email wpcf7-validates-as-required wpcf7-validates-as-email\" aria-required=\"true\" aria-invalid=\"false\" placeholder=\"Correo\" \/><\/span> <\/label><\/p>\n<p><label> <span class=\"wpcf7-form-control-wrap WhatsApp\"><input type=\"tel\" name=\"WhatsApp\" value=\"\" size=\"40\" maxlength=\"10\" minlength=\"10\" class=\"wpcf7-form-control wpcf7-text wpcf7-tel wpcf7-validates-as-tel\" aria-invalid=\"false\" placeholder=\"WhatsApp\" \/><\/span> <\/label><\/p>\n<p><label>Al proporcionar tus datos permites que te contactemos y usemos tus datos de manera responsable y exclusiva.<\/label><\/p>\n<p><label> <span class=\"wpcf7-form-control-wrap checkbox-199\"><span class=\"wpcf7-form-control wpcf7-checkbox wpcf7-validates-as-required\"><span class=\"wpcf7-list-item first last\"><input type=\"checkbox\" name=\"checkbox-199[]\" value=\"Acepto t\u00e9rminos y condiciones (requerido)\" checked=\"checked\" \/><span class=\"wpcf7-list-item-label\">Acepto t\u00e9rminos y condiciones (requerido)<\/span><\/span><\/span><\/span> <br><br \/>\n <\/label><\/p>\n<p><input type=\"submit\" value=\"Descargar\" class=\"wpcf7-form-control wpcf7-submit\" \/><\/p>\n<div class=\"wpcf7-response-output\" aria-hidden=\"true\"><\/div><\/form><\/div>[vc_raw_html]JTNDc2NyaXB0JTNFJTBBZG9jdW1lbnQuYWRkRXZlbnRMaXN0ZW5lciUyOCUyMCUyN3dwY2Y3bWFpbHNlbnQlMjclMkMlMjBmdW5jdGlvbiUyOCUyMGV2ZW50JTIwJTI5JTIwJTdCJTBBJTIwJTIwJTIwJTIwbG9jYXRpb24lMjAlM0QlMjAlMjdodHRwJTNBJTJGJTJGYXZhbnRpb24uY29tLm14JTJGYXZhbnRpb24lMkZpbmZvbWQlMkYlM0ZycnNzJTI3JTNCJTBBJTdEJTJDJTIwZmFsc2UlMjAlMjklM0IlMEElM0MlMkZzY3JpcHQlM0U=[\/vc_raw_html][vc_separator type=&#8221;transparent&#8221; up=&#8221;10&#8243;][\/vc_column_inner][vc_column_inner width=&#8221;1\/12&#8243;][\/vc_column_inner][\/vc_row_inner][vc_raw_html]JTNDc2NyaXB0JTNFJTBBZmJxJTI4JTI3dHJhY2slMjclMkMlMjAlMjJNRF9SUlNTJTIyJTI5JTNCJTBBJTNDJTJGc2NyaXB0JTNF[\/vc_raw_html][\/vc_column][\/vc_row]<\/p>\n","protected":false},"excerpt":{"rendered":"<p>[vc_row css_animation=&#8221;&#8221; row_type=&#8221;row&#8221; use_row_as_full_screen_section=&#8221;no&#8221; type=&#8221;full_width&#8221; oblique_section=&#8221;no&#8221; text_align=&#8221;left&#8221; background_color=&#8221;#ffffff&#8221; padding_top=&#8221;50&#8243; padding_bottom=&#8221;50&#8243;][vc_column][vc_row_inner row_type=&#8221;row&#8221; type=&#8221;grid&#8221; use_row_as_full_screen_section_slide=&#8221;no&#8221; text_align=&#8221;center&#8221; padding_top=&#8221;10&#8243; padding_bottom=&#8221;50&#8243; css_animation=&#8221;&#8221; el_id=&#8221;intro&#8221;][vc_column_inner width=&#8221;1\/12&#8243;][\/vc_column_inner][vc_column_inner width=&#8221;5\/6&#8243;][vc_column_text] Curso en\u00a0Marketing Digital \u00a0 Los conocimientos y herramientas que requieres para iniciar. [\/vc_column_text][vc_separator type=&#8221;transparent&#8221; up=&#8221;20&#8243;][vc_column_text] El m\u00e1s completo y rentable programa de capacitaci\u00f3n en marketing digital. Mucho m\u00e1s all\u00e1 de las redes sociales, te damos la visi\u00f3n m\u00e1s completa de las \u00e1reas que componen el marketing digital. \u00a1Esto es el futuro! Obtendr\u00e1s los conocimientos para comprender las \u00e1reas y aplicar las herramientas del marketing digital en la planificaci\u00f3n, ejecuci\u00f3n y supervisi\u00f3n de estrategias exitosas. [\/vc_column_text][vc_separator type=&#8221;transparent&#8221; up=&#8221;10&#8243;][vc_column_text][\/vc_column_text][vc_separator type=&#8221;transparent&#8221; up=&#8221;10&#8243;][\/vc_column_inner][vc_column_inner width=&#8221;1\/12&#8243;][\/vc_column_inner][\/vc_row_inner][\/vc_column][\/vc_row][vc_row&#8230;<\/p>\n","protected":false},"author":1,"featured_media":14235,"parent":0,"menu_order":0,"comment_status":"closed","ping_status":"closed","template":"landing_page.php","meta":[],"amp_enabled":false,"_links":{"self":[{"href":"https:\/\/avantion.com.mx\/avantion\/wp-json\/wp\/v2\/pages\/13073"}],"collection":[{"href":"https:\/\/avantion.com.mx\/avantion\/wp-json\/wp\/v2\/pages"}],"about":[{"href":"https:\/\/avantion.com.mx\/avantion\/wp-json\/wp\/v2\/types\/page"}],"author":[{"embeddable":true,"href":"https:\/\/avantion.com.mx\/avantion\/wp-json\/wp\/v2\/users\/1"}],"replies":[{"embeddable":true,"href":"https:\/\/avantion.com.mx\/avantion\/wp-json\/wp\/v2\/comments?post=13073"}],"version-history":[{"count":13,"href":"https:\/\/avantion.com.mx\/avantion\/wp-json\/wp\/v2\/pages\/13073\/revisions"}],"predecessor-version":[{"id":30921,"href":"https:\/\/avantion.com.mx\/avantion\/wp-json\/wp\/v2\/pages\/13073\/revisions\/30921"}],"wp:featuredmedia":[{"embeddable":true,"href":"https:\/\/avantion.com.mx\/avantion\/wp-json\/wp\/v2\/media\/14235"}],"wp:attachment":[{"href":"https:\/\/avantion.com.mx\/avantion\/wp-json\/wp\/v2\/media?parent=13073"}],"curies":[{"name":"wp","href":"https:\/\/api.w.org\/{rel}","templated":true}]}}